ime factors of 455830?
2, 5, 79, 577
What are the prime factors of 5475553?
19, 97, 2971
What are the prime factors of 4300063?
4300063
List the prime factors of 542845.
5, 151, 719
What are the prime factors of 42468394?
2, 743, 28579
List the prime factors of 18314.
2, 9157
List the prime factors of 6919309.
53, 130553
List the prime factors of 3088372.
2, 7, 2251
What are the prime factors of 12598222?
2, 7, 13, 69221
List the prime factors of 1058923.
113, 9371
What are the prime factors of 412604?
2, 19, 61, 89
What are the prime factors of 5173319?
5173319
List the prime factors of 8342388.
2, 3, 97, 2389
What are the prime factors of 67313?
83, 811
List the prime factors of 126320.
2, 5, 1579
What are the prime factors of 545407?
499, 1093
What are the prime factors of 1619478?
2, 3, 7, 12853
What are the prime factors of 6692416?
2, 53, 1973
List the prime factors of 367338.
2, 3, 61223
What are the prime factors of 70097?
191, 367
What are the prime factors of 7739154?
2, 3, 429953
What are the prime factors of 3308794?
2, 1654397
List the prime factors of 1343240.
2, 5, 33581
List the prime factors of 1468763.
29, 50647
What are the prime factors of 13706353?
19, 721387
List the prime factors of 311137.
311137
What are the prime factors of 1562408?
2, 19, 541
List the prime factors of 86191.
7, 1759
What are the prime factors of 39499?
39499
List the prime factors of 3212257.
3212257
List the prime factors of 91410.
2, 3, 5, 11, 277
What are the prime factors of 674322?
2, 3, 11, 17, 601
What are the prime factors of 2222742?
2, 3, 271, 1367
List the prime factors of 2194493.
7, 251, 1249
What are the prime factors of 118883?
19, 6257
What are the prime factors of 124169?
227, 547
What are the prime factors of 4837016?
2, 41, 14747
List the prime factors of 3797166.
2, 3, 131, 4831
What are the prime factors of 4512127?
4512127
What are the prime factors of 920651?
920651
List the prime factors of 953289.
3, 3923
What are the prime factors of 23850953?
7, 3407279
List the prime factors of 138135.
3, 5, 9209
List the prime factors of 184873.
13, 14221
What are the prime factors of 2820456?
2, 3, 43, 911
What are the prime factors of 1685217?
3, 59, 9521
What are the prime factors of 1170185?
5, 227, 1031
List the prime factors of 3334768.
2, 29, 7187
What are the prime factors of 491006?
2, 383, 641
List the prime factors of 1012688.
2, 167, 379
List the prime factors of 4302489.
3, 673, 2131
What are the prime factors of 4022797?
41, 59, 1663
What are the prime factors of 671508?
2, 3, 23, 811
List the prime factors of 35270.
2, 5, 3527
List the prime factors of 8409268.
2, 7, 300331
What are the prime factors of 68624?
2, 4289
What are the prime factors of 2887410?
2, 3, 5, 109, 883
What are the prime factors of 658345?
5, 353, 373
What are the prime factors of 1584521?
449, 3529
What are the prime factors of 16760121?
3, 7, 798101
What are the prime factors of 13195576?
2, 19, 86813
List the prime factors of 10752959.
7, 17, 109, 829
List the prime factors of 3437300.
2, 5, 37, 929
What are the prime factors of 502741?
17, 29573
List the prime factors of 414661.
13, 167, 191
List the prime factors of 136563.
3, 7, 929
List the prime factors of 1010197.
31, 32587
List the prime factors of 10205049.
3, 17, 401, 499
List the prime factors of 2191116.
2, 3, 182593
What are the prime factors of 13447511?
7, 11, 61, 409
What are the prime factors of 1132292?
2, 7, 53, 109
List the prime factors of 28095406.
2, 53, 239, 1109
What are the prime factors of 19689354?
2, 3, 691, 1583
What are the prime factors of 13995228?
2, 3, 13, 67, 103
List the prime factors of 207679.
207679
What are the prime factors of 12093663?
3, 4031221
What are the prime factors of 2957651?
2957651
What are the prime factors of 155850?
2, 3, 5, 1039
What are the prime factors of 16830826?
2, 8415413
What are the prime factors of 624718?
2, 29, 10771
What are the prime factors of 508316?
2, 127079
List the prime factors of 2989213.
19, 157327
List the prime factors of 3075045.
3, 5, 17, 31, 389
What are the prime factors of 4618662?
2, 3, 17, 45281
List the prime factors of 3569591.
3569591
List the prime factors of 3002386.
2, 1501193
What are the prime factors of 6899256?
2, 3, 7, 13
List the prime factors of 787943.
13, 60611
List the prime factors of 2963529.
3, 329281
What are the prime factors of 3082860?
2, 3, 5, 11, 173
List the prime factors of 3513409.
37, 269, 353
List the prime factors of 90321.
3, 7, 11, 17, 23
What are the prime factors of 17118338?
2, 157, 54517
List the prime factors of 60173.
19, 3167
What are the prime factors of 182540?
2, 5, 9127
What are the prime factors of 8411?
13, 647
List the prime factors of 1194870.
2, 3, 5, 39829
What are the prime factors of 13066896?
2, 3, 272227
List the prime factors of 2313749.
659, 3511
What are the prime factors of 2659801?
2659801
List the prime factors of 135396.
2, 3, 3761
What are the prime factors of 999058?
2, 19, 61, 431
What are the prime factors of 588726?
2, 3, 32707
List the prime factors of 476672.
2, 7, 19
List the prime factors of 11442641.
7, 89, 18367
List the prime factors of 4525471.
449, 10079
What are the prime factors of 646695?
3, 5, 7, 2053
List the prime factors of 503691.
3, 379, 443
What are the prime factors of 6717822?
2, 3, 17, 67, 983
List the prime factors of 5407771.
67, 80713
What are the prime factors of 124688?
2, 7793
List the prime factors of 21504925.
5, 13, 66169
What are the prime factors of 941579?
17, 97, 571
List the prime factors of 2351138.
2, 1175569
What are the prime factors of 252552?
2, 3, 17, 619
List the prime factors of 5638072.
2, 11, 79, 811
List the prime factors of 188503.
7, 3847
List the prime factors of 669659.
669659
What are the prime factors of 1238657?
7, 176951
List the prime factors of 5338086.
2, 3, 13, 68437
What are the prime factors of 493889?
11, 59, 761
List the prime factors of 2975826.
2, 3, 7, 70853
What are the prime factors of 2544705?
3, 5, 193, 293
List the prime factors of 5065440.
2, 3, 5, 61, 173
What are the prime factors of 1518909?
3, 7, 151, 479
List the prime factors of 4679448.
2, 3, 194977
List the prime factors of 8431646.
2, 73, 57751
What are the prime factors of 6731330?
2, 5, 73, 9221
List the prime factors of 1512662.
2, 756331
List the prime factors of 3577062.
2, 3, 193, 3089
List the prime factors of 655011.
3, 7, 37, 281
What are the prime factors of 274717?
29, 9473
What are the prime factors of 13409598?
2, 3, 23, 97171
What are the prime factors of 170001?
3, 13, 1453
What are the prime factors of 19022127?
3, 23, 31, 8893
List the prime factors of 9845339.
7, 61, 23057
What are the prime factors of 336825?
3, 5, 499
What are the prime factors of 1254397?
23, 54539
List the prime factors of 48111.
3, 7, 29, 79
List the prime factors of 236030.
2, 5, 23603
What are the prime factors of 343550?
2, 5, 6871
What are the prime factors of 159446?
2, 7, 1627
List the prime factors of 12023455.
5, 41, 89, 659
List the prime factors of 23435.
5, 43, 109
What are the prime factors of 219877?
7, 101, 311
List the prime factors of 361387.
13, 27799
What are the prime factors of 2543245?
5, 19, 1409
What are the prime factors of 65637?
3, 11, 13, 17
What are the prime factors of 247218?
2, 3, 41203
What are the prime factors of 1956444?
2, 3, 7, 23291
What are the prime factors of 362126?
2, 181063
List the prime factors of 313783.
313783
What are the prime factors of 188875?
5, 1511
What are the prime factors of 146641?
11, 13331
What are the prime factors of 234076?
2, 139, 421
What are the prime factors of 3072932?
2, 379, 2027
List the prime factors of 1188073.
1188073
List the prime factors of 747785.
5, 347, 431
List the prime factors of 11692520.
2, 5, 7, 41759
List the prime factors of 4010303.
11, 23, 131
List the prime factors of 8977384.
2, 13, 37, 2333
List the prime factors of 1353852.
2, 3, 37607
List the prime factors of 263425.
5, 41, 257
List the prime factors of 8125815.
3, 5, 541721
List the prime factors of 236067.
3, 13, 6053
What are the prime factors of 236101?
179, 1319
List the prime factors of 44928.
2, 3, 13
What are the prime factors of 495694?
2, 247847
What are the prime fac